3
Suppose 70 = z + r, 3*r - 212 = -3*z - 2*r. Suppose 5 = m - z. What are the prime factors of m?
2, 37
Let f(t) = 12*t**2 + 4*t + 9. Let k(g) = -12*g**2 - 4*g - 8. Let o(i) = -6*f(i) - 7*k(i). Let z = -11 + 9. List the prime factors of o(z).
2, 3, 7
Suppose 0 = 5*p - 4*v - 2693, -4*v - 2696 = -5*p - v. List the prime factors of p.
541
Let o be ((-7)/2 + 4)*438. Suppose 1 = 5*b - o. List the prime factors of b.
2, 11
Let n = 19 - 0. Let o = n - 23. List the prime factors of 6/o - 504/(-16).
2, 3, 5
What are the prime factors of ((-894)/(-4))/((-2)/(-4))?
3, 149
Suppose 81*g = 88*g - 595. List the prime factors of g.
5, 17
Let j = 20 - 17. Suppose -j*l + 5 = -2*l, 0 = 2*c + l - 7. Suppose -4*k + 2*b = -10, 0 = b - c - 4. List the prime factors of k.
5
Let l(t) = 2*t**2 - t + 4. Let v(r) = r**2 - r + 3. Let z(u) = 3*l(u) - 4*v(u). Let p be z(-1). List the prime factors of (-2)/(15/18 - p).
2, 3
Let j(b) = -2*b**3 - 5*b**2 - 13*b - 24. What are the prime factors of j(-7)?
2, 127
Suppose -1212*n = -1219*n + 20216. What are the prime factors of n?
2, 19
Let p be (-105)/(-14)*24/(-10). Let k be 45/p*(-8)/10. What are the prime factors of ((-42)/49)/(k/(-56))?
2, 3
Let x(y) = 2*y - 9 + 0*y - y. Let g be x(9). Suppose v + 3*l = 3, g = -3*v + 5*l + 86 - 21. What are the prime factors of v?
3, 5
Suppose 0*n + 2*n = -20. Let u = n - -3. Let m = u + 12. What are the prime factors of m?
5
Suppose 5 = -n + 135. Suppose g - n = -g. Suppose 3*h = g + 25. List the prime factors of h.
2, 3, 5
Let b be -118 - -4 - (-3 + 0). Let t = b - -163. What are the prime factors of t?
2, 13
Suppose 3*y - 5 = 2*j - 3, 4 = 5*y - 4*j. Let g = y + 5. Suppose -28 = -g*c + f, -4*c + 16 = -0*c - 4*f. List the prime factors of c.
2, 3
Let u(o) = -3*o**2 - o - 5. Let f be u(-3). Let x = 41 + f. List the prime factors of x.
2, 3
Let s(n) = -n**3 - 3*n**2 + 5*n + 7. Let h = -18 + 13. Let l be s(h). Let c = l - 7. What are the prime factors of c?
5
Let q = -9706 - -15262. List the prime factors of q.
2, 3, 463
Suppose 5*o - 10*o + 2035 = 0. What are the prime factors of o?
11, 37
Suppose 5*t = -b + 39, 4*t - t + 2*b = 29. Let a be -46 + t/(21/6). Let w = a + 74. List the prime factors of w.
2, 3, 5
Let v(o) = -23*o**3 + 10*o**2 - 21*o + 16. Let q(d) = -12*d**3 + 5*d**2 - 11*d + 8. Let n(m) = 11*q(m) - 6*v(m). List the prime factors of n(3).
2, 31
Let q = -36 - -40. Let u(g) = 19*g - 4. List the prime factors of u(q).
2, 3
Suppose -16 = 4*g, -3*c + 128 - 11 = -3*g. Suppose 36*u - c*u - 75 = 0. What are the prime factors of u?
3, 5
Suppose 2*u + 2945 = -3*u. Let f = -405 - u. What are the prime factors of (f/20)/(2/5)?
23
Let o be (-1 - 0 - 0) + 22. Suppose -4*i - o = 35. Let k = -7 - i. What are the prime factors of k?
7
Let h = -1790 - -3044. List the prime factors of h.
2, 3, 11, 19
Let j be (-29 + -1)/(392/80 - 5). List the prime factors of (9/(-6))/((-2)/j).
3, 5
Let z = 646 + -66. What are the prime factors of z?
2, 5, 29
Suppose 0 = -0*d - 3*d - 54. Let h = d - -25. List the prime factors of h.
7
List the prime factors of (-33908)/(-26) + -1*20/130.
2, 163
Suppose 3*v - 207 = 312. Suppose -4 = -3*r + v. List the prime factors of r.
59
Let r = 15 - 13. Suppose -u + 38 = 3*d + r, 2*u - 70 = -4*d. List the prime factors of u.
3, 11
Let w = -780 - -1680. What are the prime factors of w?
2, 3, 5
Let t be (-36)/60*(1 + -16). Suppose 0 = 8*h - t*h + 117. What are the prime factors of h?
3, 13
Let s = -88 + 49. Let i = s + 48. What are the prime factors of i?
3
Let p(g) = -g**3 + 3*g**2 - 2*g + 837. What are the prime factors of p(0)?
3, 31
Let s = 2 - -24. Let p = -24 + s. List the prime factors of 76/p - (-4)/1.
2, 3, 7
Let o(g) = g**3 - 5*g**2 + 8*g - 16. Let j be o(4). Suppose -x - 3*x = -v - 737, -5*v - 5 = j. List the prime factors of x.
2, 23
Suppose -6 = -3*b, -5*b + 3312 = 2*a - 8*b. What are the prime factors of a?
3, 7, 79
Let s be (-1 + (-5 - -1))*-2. Suppose -t - 6 = -x, t = 2*x - 0*x - s. List the prime factors of x.
2
Let n(z) = 5*z**2 + 26*z + 3. Let f(a) = -3*a**2 - 17*a - 2. Let h(j) = 8*f(j) + 5*n(j). Suppose 2*y = y + 7. List the prime factors of h(y).
2, 3
Suppose 9 - 11 = -b. Suppose -9 = -2*a + 89. Suppose -b*w - 15 = -a. List the prime factors of w.
17
Let p(w) = w**2 - 22*w + 23. Let t be p(14). Let z = t - -116. List the prime factors of z.
3
Suppose -7*p + 6327 = -4698. What are the prime factors of p?
3, 5, 7
Let s(b) = b**2 + 18*b - 91. List the prime factors of s(-26).
3, 13
Suppose 3*h + 5*f - 418 = 0, -803 + 240 = -4*h - f. List the prime factors of h.
3, 47
Let u(k) = k**3 + 4*k**2 - 6*k + 5. Let l be u(-5). Suppose 4*g - 6*g = -l. Suppose 0 = 3*z, 1 + 7 = s + g*z. What are the prime factors of s?
2
Suppose 7376 = 14*r - 9900. List the prime factors of r.
2, 617
Suppose 9929 = 27*s - 22903. What are the prime factors of s?
2, 19
What are the prime factors of 1*(3 - -3 - 0) + 2396?
2, 1201
Let u(i) = i**3 - 7*i**2 + 8*i - 9. Let w be u(6). Suppose 0*p + w*p = -2*k + 259, -2*k - 73 = -p. Let l = p + -53. What are the prime factors of l?
2, 3, 5
Let h be 1/(-4) + (-386)/(-8). Let v be (-10)/4*h/(-30). Suppose -12*c = -v*c - 312. List the prime factors of c.
3, 13
Suppose -2*l - 3806 = -4*l. What are the prime factors of l?
11, 173
Let v = 101 - 51. What are the prime factors of v?
2, 5
Suppose -2*r + 105 = -55. List the prime factors of r.
2, 5
Suppose -5*n + 4*r = 49, n + 4*r = -4 - 1. Let x = 11 + n. Suppose x*v + 147 = 5*v. What are the prime factors of v?
7
Let p = 2951 - 208. What are the prime factors of p?
13, 211
Let w(a) = -a + 152. Suppose 0 = 12*p - 10*p. What are the prime factors of w(p)?
2, 19
Let u = -21 + 24. Suppose u = -l + 37. List the prime factors of l.
2, 17
Let o = 539 + -249. List the prime factors of o.
2, 5, 29
Suppose 0 = -18*s + 14*s + 1260. List the prime factors of s.
3, 5, 7
Let s be (-182)/(-1 + -1) - (1 + -3). Suppose -q = 3*w - s, -140 - 194 = -3*q + 2*w. List the prime factors of q.
2, 3
Suppose 3*l = -2*y + 10267, 2*y + 10858 - 4030 = 2*l. What are the prime factors of l?
13, 263
What are the prime factors of ((-9)/6 - -4)*18?
3, 5
Let i = 18 - -96. Suppose -5*g + i = -811. List the prime factors of g.
5, 37
Suppose 0 = 3*h - 5*h + 6. Suppose -c - 2*j = 34, 5*j + 31 = -2*c + c. What are the prime factors of c/h*2/(-3)?
2
Let v(l) = -3*l**2 + 5*l + 4. Let d be v(-1). Let m be (-2)/(0 - 2/9). Let t = d + m. List the prime factors of t.
5
Suppose -y + 71 = 2*s, 0 = 2*s + y + 3*y - 80. Suppose -3*p + 0*p + 5*t + s = 0, 3*t + 78 = 5*p. List the prime factors of p.
2, 3
Suppose 2*q + 3*q - 25 = 0. Suppose 3 = q*j + 53. Let i = j + 49. What are the prime factors of i?
3, 13
What are the prime factors of 40704/416 - (22/26 - 1)?
2, 7
Suppose -10 = -3*x + 5. Let s(b) be the second derivative of b**3/6 - b**2 - 2*b. List the prime factors of s(x).
3
Suppose 7*a + 295 = 3123. List the prime factors of a.
2, 101
Suppose -5*l + 3*i = -3815, l - 2289 = -2*l - 4*i. What are the prime factors of l?
7, 109
Suppose -4*x + 8 = 0, 3*v = 6*v - 3*x - 516. What are the prime factors of v?
2, 3, 29
Let c = -40 + 26. List the prime factors of (44/14)/((-1)/c).
2, 11
Let h be 4 + 12/(-4 + 1). List the prime factors of (h + 1)*(9 - -12).
3, 7
Let p = 53 + -63. Let s(f) = f**2 - 2*f - 26. What are the prime factors of s(p)?
2, 47
Suppose 2*q + 6*b - 2*b = 26, -3*q + 4*b + 39 = 0. Let p(r) = r**2 + r. Let a be p(-6). Let u = a + q. List the prime factors of u.
43
Suppose -2*k - 1309 = -9*k. Let b = -129 + k. What are the prime factors of b?
2, 29
Suppose -1216 = -5*p + 3*o, 2*o - 358 = -p - 107. Suppose 0 = 5*b - 0*b - p. What are the prime factors of b?
7
Let d = -211 - -525. Suppose 3*k + 41 = d. What are the prime factors of k?
7, 13
Let m(d) = 5*d**2 + 9*d - 9. Let p(q) = -q**2 - 2*q + 2. Let u(x) = -2*m(x) - 9*p(x). Let t be u(1). What are the prime factors of 0 + t + -2 + 38?
5, 7
Let l(r) be the third derivative of 0*r - 3/2*r**3 + 1/12*r**4 + r**2 + 0. List the prime factors of l(6).
3
What are the prime factors of -511*(-2)/(-28)*-4?
2, 73
Suppose 0 = k + 3*k - 180. Suppose 4*u = -u + k. What are the prime factors of 3*(24/u + 1)?
11
Let d = 8 + -3. Suppose 4*g + g - 4*q - 60 = 0, 2*g - 41 = d*q. What are the prime factors of g?
2
Let c 